{"id":1025,"date":"2019-06-09T16:01:48","date_gmt":"2019-06-09T16:01:48","guid":{"rendered":"http:\/\/blacksilver-venus.imaginem.co\/?page_id=5"},"modified":"2019-06-09T16:01:48","modified_gmt":"2019-06-09T16:01:48","slug":"about","status":"publish","type":"page","link":"https:\/\/kostajnica-apartmants.com\/?page_id=1025","title":{"rendered":"O NAMA"},"content":{"rendered":"\t\t<div data-elementor-type=\"wp-post\" data-elementor-id=\"1025\" class=\"elementor elementor-1025\">\n\t\t\t\t\t\t<section class=\"jarallax lazyload elementor-section elementor-top-section elementor-element elementor-element-7ab45f72 elementor-section-boxed elementor-section-height-default elementor-section-height-default\" data-jarallax=\"\" data-speed=\"0.75\" data-type=\"scroll\" data-parallax=\"scroll\" style=\"background-image:url(&quot;https:\/\/goran-juric.com\/nono\/wp-content\/uploads\/2024\/09\/Kostajnica_1617.jpg&quot;);\" data-image-src=\"https:\/\/goran-juric.com\/nono\/wp-content\/uploads\/2024\/09\/Kostajnica_1617.jpg\" data-id=\"7ab45f72\" data-element_type=\"section\" data-e-type=\"section\" data-settings=\"{&quot;background_background&quot;:&quot;classic&quot;}\">\n\t\t\t\t\t\t\t<div class=\"elementor-background-overlay\"><\/div>\n\t\t\t\t\t\t\t<div class=\"elementor-container elementor-column-gap-default\">\n\t\t\t\t\t<div class=\"elementor-column elementor-col-100 elementor-top-column elementor-element elementor-element-29a16e89\" data-id=\"29a16e89\" data-element_type=\"column\" data-e-type=\"column\">\n\t\t\t<div class=\"elementor-widget-wrap elementor-element-populated\">\n\t\t\t\t\t\t<div class=\"elementor-element elementor-element-61bce2ee section-align-left section-size-large subtitle-style-default elementor-widget elementor-widget-section-heading\" data-id=\"61bce2ee\" data-element_type=\"widget\" data-e-type=\"widget\" data-widget_type=\"section-heading.default\">\n\t\t\t\t<div class=\"elementor-widget-container\">\n\t\t\t\t\t<div class=\"section-heading headingstyle-subtitle\"><h5 class=\"entry-sub-title section-sub-title\">Skriveni dragulj Une<\/h5><div class=\"section-title-wrapper\"><h2 class=\"entry-title section-title\">Hrvatska Kostajnica<\/h2><\/div><div class=\"section-description clearfix\"><div class=\"section-description-inner\"><p>Hrvatska Kostajnica, smje\u0161tena na obalama rijeke Une, odu\u0161evljava povije\u0161\u0107u i prirodnim ljepotama poput tvr\u0111ave Zrinski i kristalno \u010diste rijeke. Grad je poznat po manifestaciji \"Kestenijada\", a pru\u017ea idealno uto\u010di\u0161te za ljubitelje prirode i autenti\u010dnih iskustava.<\/p>\n<\/div><\/div><\/div>\t\t\t\t<\/div>\n\t\t\t\t<\/div>\n\t\t\t\t<div class=\"elementor-element elementor-element-59d29c3d elementor-widget elementor-widget-image\" data-id=\"59d29c3d\" data-element_type=\"widget\" data-e-type=\"widget\" data-widget_type=\"image.default\">\n\t\t\t\t<div class=\"elementor-widget-container\">\n\t\t\t\t\t\t\t\t\t\t\t\t\t\t\t<img fetchpriority=\"high\" decoding=\"async\" width=\"925\" height=\"268\" src=\"https:\/\/kostajnica-apartmants.com\/wp-content\/uploads\/2024\/09\/Govorcinovic.png\" class=\"attachment-large size-large wp-image-1661\" alt=\"\" srcset=\"https:\/\/kostajnica-apartmants.com\/wp-content\/uploads\/2024\/09\/Govorcinovic.png 925w, https:\/\/kostajnica-apartmants.com\/wp-content\/uploads\/2024\/09\/Govorcinovic-300x87.png 300w, https:\/\/kostajnica-apartmants.com\/wp-content\/uploads\/2024\/09\/Govorcinovic-768x223.png 768w, https:\/\/kostajnica-apartmants.com\/wp-content\/uploads\/2024\/09\/Govorcinovic-800x232.png 800w\" sizes=\"(max-width: 925px) 100vw, 925px\" \/>\t\t\t\t\t\t\t\t\t\t\t\t\t\t\t<\/div>\n\t\t\t\t<\/div>\n\t\t\t\t\t<\/div>\n\t\t<\/div>\n\t\t\t\t\t<\/div>\n\t\t<\/section>\n\t\t\t\t<section class=\"elementor-section elementor-top-section elementor-element elementor-element-5efd38bf elementor-section-full_width elementor-section-height-default elementor-section-height-default\" data-id=\"5efd38bf\" data-element_type=\"section\" data-e-type=\"section\" data-settings=\"{&quot;background_background&quot;:&quot;classic&quot;}\">\n\t\t\t\t\t\t<div class=\"elementor-container elementor-column-gap-no\">\n\t\t\t\t\t<div class=\"elementor-column elementor-col-50 elementor-top-column elementor-element elementor-element-317466b9\" data-id=\"317466b9\" data-element_type=\"column\" data-e-type=\"column\" data-settings=\"{&quot;background_background&quot;:&quot;classic&quot;}\">\n\t\t\t<div class=\"elementor-widget-wrap elementor-element-populated\">\n\t\t\t\t\t\t<div class=\"elementor-element elementor-element-23220f98 elementor-widget elementor-widget-spacer\" data-id=\"23220f98\" data-element_type=\"widget\" data-e-type=\"widget\" data-widget_type=\"spacer.default\">\n\t\t\t\t<div class=\"elementor-widget-container\">\n\t\t\t\t\t\t\t<div class=\"elementor-spacer\">\n\t\t\t<div class=\"elementor-spacer-inner\"><\/div>\n\t\t<\/div>\n\t\t\t\t\t\t<\/div>\n\t\t\t\t<\/div>\n\t\t\t\t\t<\/div>\n\t\t<\/div>\n\t\t\t\t<div class=\"elementor-column elementor-col-50 elementor-top-column elementor-element elementor-element-1cb5b915\" data-id=\"1cb5b915\" data-element_type=\"column\" data-e-type=\"column\">\n\t\t\t<div class=\"elementor-widget-wrap elementor-element-populated\">\n\t\t\t\t\t\t<div class=\"elementor-element elementor-element-35650178 section-align-left animated-slow section-size-default subtitle-style-default elementor-invisible elementor-widget elementor-widget-section-heading\" data-id=\"35650178\" data-element_type=\"widget\" data-e-type=\"widget\" data-settings=\"{&quot;_animation&quot;:&quot;fadeIn&quot;}\" data-widget_type=\"section-heading.default\">\n\t\t\t\t<div class=\"elementor-widget-container\">\n\t\t\t\t\t<div class=\"section-heading headingstyle-default\"><div class=\"section-title-wrapper\"><h2 class=\"entry-title section-title\">STUDIO APARTMAN DJED<\/h2><\/div><div class=\"section-description clearfix\"><div class=\"section-description-inner\"><p>Studio apartman Djed registriran je 2018. godine i smje\u0161ten u izdvojenom objektu na obiteljskom imanju.<\/p>\n<p>Nalazi se na brdu Djed, koje je progla\u0161eno Park-\u0161umom, a od centra grada udaljen je svega jednu minutu hoda.<\/p>\n<p>Apartman ima povr\u0161inu od 30 m\u00b2 i smje\u0161ten je na mirnoj lokaciji, idealnoj za odmor, s prekrasnim pogledom na cijelu dolinu Pounja. Rijeka Una i pla\u017ee pogodne za kupanje udaljene su samo pet minuta hoda.<\/p>\n<p>Studio apartman kategoriziran je s \u010detiri zvjezdice. Gostima je na raspolaganju besplatan parking, Wi-Fi te mogu\u0107nost kori\u0161tenja usluga certificiranog turisti\u010dkog vodi\u010da.<\/p>\n<p>U neposrednoj blizini nalazi se i restoran Varo\u0161ki bunar, poznat po doma\u0107im specijalitetima, s mogu\u0107no\u0161\u0107u dostave hrane.<\/p>\n<\/div><\/div><\/div>\t\t\t\t<\/div>\n\t\t\t\t<\/div>\n\t\t\t\t\t<\/div>\n\t\t<\/div>\n\t\t\t\t\t<\/div>\n\t\t<\/section>\n\t\t\t\t<section class=\"elementor-section elementor-top-section elementor-element elementor-element-1ace0131 elementor-section-boxed elementor-section-height-default elementor-section-height-default\" data-id=\"1ace0131\" data-element_type=\"section\" data-e-type=\"section\">\n\t\t\t\t\t\t<div class=\"elementor-container elementor-column-gap-no\">\n\t\t\t\t\t<div class=\"elementor-column elementor-col-100 elementor-top-column elementor-element elementor-element-4516aa68\" data-id=\"4516aa68\" data-element_type=\"column\" data-e-type=\"column\">\n\t\t\t<div class=\"elementor-widget-wrap\">\n\t\t\t\t\t\t\t<\/div>\n\t\t<\/div>\n\t\t\t\t\t<\/div>\n\t\t<\/section>\n\t\t\t\t<section class=\"elementor-section elementor-top-section elementor-element elementor-element-1bf24281 elementor-section-boxed elementor-section-height-default elementor-section-height-default elementor-invisible\" data-id=\"1bf24281\" data-element_type=\"section\" data-e-type=\"section\" data-settings=\"{&quot;animation&quot;:&quot;fadeIn&quot;}\">\n\t\t\t\t\t\t<div class=\"elementor-container elementor-column-gap-extended\">\n\t\t\t\t\t<div class=\"elementor-column elementor-col-100 elementor-top-column elementor-element elementor-element-1e88a81b\" data-id=\"1e88a81b\" data-element_type=\"column\" data-e-type=\"column\">\n\t\t\t<div class=\"elementor-widget-wrap\">\n\t\t\t\t\t\t\t<\/div>\n\t\t<\/div>\n\t\t\t\t\t<\/div>\n\t\t<\/section>\n\t\t\t\t<\/div>\n\t\t","protected":false},"excerpt":{"rendered":"<p>Skriveni dragulj Une Hrvatska Kostajnica Hrvatska Kostajnica, smje\u0161tena na obalama rijeke Une, odu\u0161evljava povije\u0161\u0107u i prirodnim ljepotama poput tvr\u0111ave Zrinski i kristalno \u010diste rijeke. Grad je poznat po manifestaciji &#8220;Kestenijada&#8221;, a pru\u017ea idealno uto\u010di\u0161te za ljubitelje prirode i autenti\u010dnih iskustava. STUDIO APARTMAN DJED Studio apartman Djed registriran je 2018. godine i smje\u0161ten u izdvojenom objektu na obiteljskom imanju. Nalazi se na brdu Djed, koje je progla\u0161eno Park-\u0161umom, a od centra grada udaljen je svega jednu minutu hoda. Apartman ima povr\u0161inu [&hellip;]<\/p>\n","protected":false},"author":1,"featured_media":0,"parent":0,"menu_order":0,"comment_status":"closed","ping_status":"closed","template":"","meta":{"footnotes":""},"class_list":["post-1025","page","type-page","status-publish","hentry"],"_links":{"self":[{"href":"https:\/\/kostajnica-apartmants.com\/index.php?rest_route=\/wp\/v2\/pages\/1025","targetHints":{"allow":["GET"]}}],"collection":[{"href":"https:\/\/kostajnica-apartmants.com\/index.php?rest_route=\/wp\/v2\/pages"}],"about":[{"href":"https:\/\/kostajnica-apartmants.com\/index.php?rest_route=\/wp\/v2\/types\/page"}],"author":[{"embeddable":true,"href":"https:\/\/kostajnica-apartmants.com\/index.php?rest_route=\/wp\/v2\/users\/1"}],"replies":[{"embeddable":true,"href":"https:\/\/kostajnica-apartmants.com\/index.php?rest_route=%2Fwp%2Fv2%2Fcomments&post=1025"}],"version-history":[{"count":0,"href":"https:\/\/kostajnica-apartmants.com\/index.php?rest_route=\/wp\/v2\/pages\/1025\/revisions"}],"wp:attachment":[{"href":"https:\/\/kostajnica-apartmants.com\/index.php?rest_route=%2Fwp%2Fv2%2Fmedia&parent=1025"}],"curies":[{"name":"wp","href":"https:\/\/api.w.org\/{rel}","templated":true}]}}